[INFO] cloning repository https://github.com/splash-cli/splash-cli-r
[INFO] running `Command { std: "git" "-c" "credential.helper=" "-c" "credential.helper=/workspace/cargo-home/bin/git-credential-null" "clone" "--bare" "https://github.com/splash-cli/splash-cli-r" "/workspace/cache/git-repos/https%3A%2F%2Fgithub.com%2Fsplash-cli%2Fsplash-cli-r", kill_on_drop: false }`
[INFO] [stderr] Cloning into bare repository '/workspace/cache/git-repos/https%3A%2F%2Fgithub.com%2Fsplash-cli%2Fsplash-cli-r'...
[INFO] running `Command { std: "git" "rev-parse" "HEAD", kill_on_drop: false }`
[INFO] [stdout] 2ff8f5041797e4b9cdcc89779e2396f2d285f2b2
[INFO] checking splash-cli/splash-cli-r against master#cfbc6d4cf1acbac5c025acf8ed68929caa551df3 for pr-75494-beta
[INFO] running `Command { std: "git" "clone" "/workspace/cache/git-repos/https%3A%2F%2Fgithub.com%2Fsplash-cli%2Fsplash-cli-r" "/workspace/builds/worker-3/source", kill_on_drop: false }`
[INFO] [stderr] Cloning into '/workspace/builds/worker-3/source'...
[INFO] [stderr] done.
[INFO] validating manifest of git repo https://github.com/splash-cli/splash-cli-r on toolchain cfbc6d4cf1acbac5c025acf8ed68929caa551df3
[INFO] running `Command { std: "/workspace/cargo-home/bin/cargo" "+cfbc6d4cf1acbac5c025acf8ed68929caa551df3" "read-manifest" "--manifest-path" "Cargo.toml", kill_on_drop: false }`
[INFO] started tweaking git repo https://github.com/splash-cli/splash-cli-r
[INFO] finished tweaking git repo https://github.com/splash-cli/splash-cli-r
[INFO] tweaked toml for git repo https://github.com/splash-cli/splash-cli-r written to /workspace/builds/worker-3/source/Cargo.toml
[INFO] crate git repo https://github.com/splash-cli/splash-cli-r already has a lockfile, it will not be regenerated
[INFO] running `Command { std: "/workspace/cargo-home/bin/cargo" "+cfbc6d4cf1acbac5c025acf8ed68929caa551df3" "fetch" "--locked" "--manifest-path" "Cargo.toml", kill_on_drop: false }`
[INFO] [stderr]  Downloading crates ...
[INFO] [stderr]   Downloaded proc-macro-error-attr v1.0.3
[INFO] [stderr]   Downloaded proc-macro-error v1.0.3
[INFO] running `Command { std: "docker" "create" "-v" "/var/lib/crater-agent-workspace/builds/worker-3/target:/opt/rustwide/target:rw,Z" "-v" "/var/lib/crater-agent-workspace/builds/worker-3/source:/opt/rustwide/workdir:ro,Z" "-v" "/var/lib/crater-agent-workspace/cargo-home:/opt/rustwide/cargo-home:ro,Z" "-v" "/var/lib/crater-agent-workspace/rustup-home:/opt/rustwide/rustup-home:ro,Z" "-e" "SOURCE_DIR=/opt/rustwide/workdir" "-e" "CARGO_TARGET_DIR=/opt/rustwide/target" "-e" "CARGO_HOME=/opt/rustwide/cargo-home" "-e" "RUSTUP_HOME=/opt/rustwide/rustup-home" "-w" "/opt/rustwide/workdir" "-m" "1610612736" "--user" "0:0" "--network" "none" "rustops/crates-build-env@sha256:a636fd89d022f18117e1dc8fb37a0a009933cdbbe082814857f0e2024962d47c" "/opt/rustwide/cargo-home/bin/cargo" "+cfbc6d4cf1acbac5c025acf8ed68929caa551df3" "metadata" "--no-deps" "--format-version=1", kill_on_drop: false }`
[INFO] [stderr] WARNING: Your kernel does not support swap limit capabilities or the cgroup is not mounted. Memory limited without swap.
[INFO] [stdout] a332e0c22ece16f1071c98ca99dd5e1024cb4a20981feef2bb3b820933ebff51
[INFO] running `Command { std: "docker" "start" "-a" "a332e0c22ece16f1071c98ca99dd5e1024cb4a20981feef2bb3b820933ebff51", kill_on_drop: false }`
[INFO] running `Command { std: "docker" "inspect" "a332e0c22ece16f1071c98ca99dd5e1024cb4a20981feef2bb3b820933ebff51", kill_on_drop: false }`
[INFO] running `Command { std: "docker" "rm" "-f" "a332e0c22ece16f1071c98ca99dd5e1024cb4a20981feef2bb3b820933ebff51", kill_on_drop: false }`
[INFO] [stdout] a332e0c22ece16f1071c98ca99dd5e1024cb4a20981feef2bb3b820933ebff51
[INFO] running `Command { std: "docker" "create" "-v" "/var/lib/crater-agent-workspace/builds/worker-3/target:/opt/rustwide/target:rw,Z" "-v" "/var/lib/crater-agent-workspace/builds/worker-3/source:/opt/rustwide/workdir:ro,Z" "-v" "/var/lib/crater-agent-workspace/cargo-home:/opt/rustwide/cargo-home:ro,Z" "-v" "/var/lib/crater-agent-workspace/rustup-home:/opt/rustwide/rustup-home:ro,Z" "-e" "SOURCE_DIR=/opt/rustwide/workdir" "-e" "CARGO_TARGET_DIR=/opt/rustwide/target" "-e" "CARGO_INCREMENTAL=0" "-e" "RUST_BACKTRACE=full" "-e" "RUSTFLAGS=--cap-lints=forbid" "-e" "CARGO_HOME=/opt/rustwide/cargo-home" "-e" "RUSTUP_HOME=/opt/rustwide/rustup-home" "-w" "/opt/rustwide/workdir" "-m" "1610612736" "--user" "0:0" "--network" "none" "rustops/crates-build-env@sha256:a636fd89d022f18117e1dc8fb37a0a009933cdbbe082814857f0e2024962d47c" "/opt/rustwide/cargo-home/bin/cargo" "+cfbc6d4cf1acbac5c025acf8ed68929caa551df3" "check" "--frozen" "--all" "--all-targets" "--message-format=json", kill_on_drop: false }`
[INFO] [stdout] c4ffbbe47f1932eeb5bf4e714d713badbe727907b7aef19d5941f26239c57536
[INFO] [stderr] WARNING: Your kernel does not support swap limit capabilities or the cgroup is not mounted. Memory limited without swap.
[INFO] running `Command { std: "docker" "start" "-a" "c4ffbbe47f1932eeb5bf4e714d713badbe727907b7aef19d5941f26239c57536", kill_on_drop: false }`
[INFO] [stderr]    Compiling proc-macro2 v1.0.18
[INFO] [stderr]    Compiling libc v0.2.72
[INFO] [stderr]    Compiling unicode-xid v0.2.1
[INFO] [stderr]    Compiling syn v1.0.34
[INFO] [stderr]     Checking cfg-if v0.1.10
[INFO] [stderr]    Compiling version_check v0.9.2
[INFO] [stderr]    Compiling autocfg v1.0.0
[INFO] [stderr]    Compiling log v0.4.8
[INFO] [stderr]     Checking lazy_static v1.4.0
[INFO] [stderr]    Compiling memchr v2.3.3
[INFO] [stderr]    Compiling cc v1.0.58
[INFO] [stderr]    Compiling pkg-config v0.3.18
[INFO] [stderr]     Checking slab v0.4.2
[INFO] [stderr]     Checking bytes v0.5.6
[INFO] [stderr]     Checking futures-core v0.3.5
[INFO] [stderr]     Checking fnv v1.0.7
[INFO] [stderr]    Compiling bitflags v1.2.1
[INFO] [stderr]     Checking itoa v0.4.6
[INFO] [stderr]    Compiling pin-project-internal v0.4.22
[INFO] [stderr]     Checking arc-swap v0.4.7
[INFO] [stderr]     Checking pin-project-lite v0.1.7
[INFO] [stderr]    Compiling openssl v0.10.30
[INFO] [stderr]    Compiling serde_derive v1.0.114
[INFO] [stderr]     Checking once_cell v1.4.0
[INFO] [stderr]     Checking foreign-types-shared v0.1.1
[INFO] [stderr]    Compiling httparse v1.3.4
[INFO] [stderr]    Compiling serde v1.0.114
[INFO] [stderr]     Checking tinyvec v0.3.3
[INFO] [stderr]     Checking futures-sink v0.3.5
[INFO] [stderr]     Checking futures-io v0.3.5
[INFO] [stderr]     Checking matches v0.1.8
[INFO] [stderr]    Compiling native-tls v0.2.4
[INFO] [stderr]     Checking pin-utils v0.1.0
[INFO] [stderr]     Checking try-lock v0.2.3
[INFO] [stderr]    Compiling ryu v1.0.5
[INFO] [stderr]     Checking openssl-probe v0.1.2
[INFO] [stderr]    Compiling serde_json v1.0.56
[INFO] [stderr]    Compiling encoding_rs v0.8.23
[INFO] [stderr]     Checking tower-service v0.3.0
[INFO] [stderr]    Compiling unicode-segmentation v1.6.0
[INFO] [stderr]     Checking percent-encoding v2.1.0
[INFO] [stderr]     Checking unicode-width v0.1.8
[INFO] [stderr]     Checking vec_map v0.8.2
[INFO] [stderr]     Checking dtoa v0.4.6
[INFO] [stderr]     Checking strsim v0.8.0
[INFO] [stderr]     Checking mime v0.3.16
[INFO] [stderr]     Checking base64 v0.12.3
[INFO] [stderr]     Checking tracing-core v0.1.11
[INFO] [stderr]     Checking futures-channel v0.3.5
[INFO] [stderr]     Checking foreign-types v0.3.2
[INFO] [stderr]     Checking futures-task v0.3.5
[INFO] [stderr]     Checking unicode-bidi v0.3.4
[INFO] [stderr]     Checking http v0.2.1
[INFO] [stderr]    Compiling unicase v2.6.0
[INFO] [stderr]    Compiling proc-macro-error-attr v1.0.3
[INFO] [stderr]    Compiling proc-macro-error v1.0.3
[INFO] [stderr]    Compiling indexmap v1.4.0
[INFO] [stderr]     Checking textwrap v0.11.0
[INFO] [stderr]     Checking unicode-normalization v0.1.13
[INFO] [stderr]    Compiling heck v0.3.1
[INFO] [stderr]     Checking tracing v0.1.16
[INFO] [stderr]     Checking want v0.3.0
[INFO] [stderr]    Compiling quote v1.0.7
[INFO] [stderr]    Compiling mime_guess v2.0.3
[INFO] [stderr]    Compiling openssl-sys v0.9.58
[INFO] [stderr]     Checking iovec v0.1.4
[INFO] [stderr]     Checking net2 v0.2.34
[INFO] [stderr]     Checking signal-hook-registry v1.2.0
[INFO] [stderr]     Checking num_cpus v1.13.0
[INFO] [stderr]     Checking socket2 v0.3.12
[INFO] [stderr]     Checking time v0.1.43
[INFO] [stderr]     Checking atty v0.2.14
[INFO] [stderr]     Checking idna v0.2.0
[INFO] [stderr]     Checking clap v2.33.1
[INFO] [stderr]     Checking mio v0.6.22
[INFO] [stderr]     Checking url v2.1.1
[INFO] [stderr]     Checking mio-uds v0.6.8
[INFO] [stderr]     Checking http-body v0.3.1
[INFO] [stderr]    Compiling syn-mid v0.5.0
[INFO] [stderr]    Compiling tokio-macros v0.2.5
[INFO] [stderr]     Checking tokio v0.2.21
[INFO] [stderr]    Compiling structopt-derive v0.4.8
[INFO] [stderr]     Checking pin-project v0.4.22
[INFO] [stderr]     Checking futures-util v0.3.5
[INFO] [stderr]     Checking structopt v0.3.15
[INFO] [stderr]     Checking tokio-util v0.3.1
[INFO] [stderr]     Checking tokio-tls v0.3.1
[INFO] [stderr]     Checking h2 v0.2.6
[INFO] [stderr]     Checking serde_urlencoded v0.6.1
[INFO] [stderr]     Checking hyper v0.13.7
[INFO] [stderr]     Checking hyper-tls v0.4.3
[INFO] [stderr]     Checking reqwest v0.10.6
[INFO] [stderr]     Checking splash-cli v0.1.0 (/opt/rustwide/workdir)
[INFO] [stdout] warning: unused import: `Serialize`
[INFO] [stdout]  --> src/unsplash.rs:1:25
[INFO] [stdout]   |
[INFO] [stdout] 1 | use serde::{Deserialize,Serialize};
[INFO] [stdout]   |                         ^^^^^^^^^
[INFO] [stdout]   |
[INFO] [stdout]   = note: `#[warn(unused_imports)]` on by default
[INFO] [stdout] 
[INFO] [stdout] 
[INFO] [stdout] warning: unused import: `std::thread::Builder`
[INFO] [stdout]  --> src/unsplash.rs:3:5
[INFO] [stdout]   |
[INFO] [stdout] 3 | use std::thread::Builder;
[INFO] [stdout]   |     ^^^^^^^^^^^^^^^^^^^^
[INFO] [stdout] 
[INFO] [stdout] 
[INFO] [stdout] warning: unused import: `std::io::copy`
[INFO] [stdout]  --> src/unsplash.rs:4:5
[INFO] [stdout]   |
[INFO] [stdout] 4 | use std::io::copy;
[INFO] [stdout]   |     ^^^^^^^^^^^^^
[INFO] [stdout] 
[INFO] [stdout] 
[INFO] [stdout] warning: unused import: `tokio::prelude::*`
[INFO] [stdout]  --> src/main.rs:3:5
[INFO] [stdout]   |
[INFO] [stdout] 3 | use tokio::prelude::*;
[INFO] [stdout]   |     ^^^^^^^^^^^^^^^^^
[INFO] [stdout] 
[INFO] [stdout] 
[INFO] [stdout] warning: unused import: `crate::unsplash::Photo`
[INFO] [stdout]  --> src/main.rs:4:5
[INFO] [stdout]   |
[INFO] [stdout] 4 | use crate::unsplash::Photo;
[INFO] [stdout]   |     ^^^^^^^^^^^^^^^^^^^^^^
[INFO] [stdout] 
[INFO] [stdout] 
[INFO] [stdout] warning: unused import: `serde::export::fmt::Display`
[INFO] [stdout]  --> src/main.rs:5:5
[INFO] [stdout]   |
[INFO] [stdout] 5 | use serde::export::fmt::Display;
[INFO] [stdout]   |     ^^^^^^^^^^^^^^^^^^^^^^^^^^^
[INFO] [stdout] 
[INFO] [stdout] 
[INFO] [stdout] warning: unused import: `core::fmt`
[INFO] [stdout]  --> src/main.rs:6:5
[INFO] [stdout]   |
[INFO] [stdout] 6 | use core::fmt;
[INFO] [stdout]   |     ^^^^^^^^^
[INFO] [stdout] 
[INFO] [stdout] 
[INFO] [stdout] warning: unused import: `Serialize`
[INFO] [stdout]  --> src/unsplash.rs:1:25
[INFO] [stdout]   |
[INFO] [stdout] 1 | use serde::{Deserialize,Serialize};
[INFO] [stdout]   |                         ^^^^^^^^^
[INFO] [stdout]   |
[INFO] [stdout]   = note: `#[warn(unused_imports)]` on by default
[INFO] [stdout] 
[INFO] [stdout] 
[INFO] [stdout] warning: unused import: `std::thread::Builder`
[INFO] [stdout]  --> src/unsplash.rs:3:5
[INFO] [stdout]   |
[INFO] [stdout] 3 | use std::thread::Builder;
[INFO] [stdout]   |     ^^^^^^^^^^^^^^^^^^^^
[INFO] [stdout] 
[INFO] [stdout] 
[INFO] [stdout] warning: unused import: `std::io::copy`
[INFO] [stdout]  --> src/unsplash.rs:4:5
[INFO] [stdout]   |
[INFO] [stdout] 4 | use std::io::copy;
[INFO] [stdout]   |     ^^^^^^^^^^^^^
[INFO] [stdout] 
[INFO] [stdout] 
[INFO] [stdout] warning: unused import: `tokio::prelude::*`
[INFO] [stdout]  --> src/main.rs:3:5
[INFO] [stdout]   |
[INFO] [stdout] 3 | use tokio::prelude::*;
[INFO] [stdout]   |     ^^^^^^^^^^^^^^^^^
[INFO] [stdout] 
[INFO] [stdout] 
[INFO] [stdout] warning: unused import: `crate::unsplash::Photo`
[INFO] [stdout]  --> src/main.rs:4:5
[INFO] [stdout]   |
[INFO] [stdout] 4 | use crate::unsplash::Photo;
[INFO] [stdout]   |     ^^^^^^^^^^^^^^^^^^^^^^
[INFO] [stdout] 
[INFO] [stdout] 
[INFO] [stdout] warning: unused import: `serde::export::fmt::Display`
[INFO] [stdout]  --> src/main.rs:5:5
[INFO] [stdout]   |
[INFO] [stdout] 5 | use serde::export::fmt::Display;
[INFO] [stdout]   |     ^^^^^^^^^^^^^^^^^^^^^^^^^^^
[INFO] [stdout] 
[INFO] [stdout] 
[INFO] [stdout] warning: unused import: `core::fmt`
[INFO] [stdout]  --> src/main.rs:6:5
[INFO] [stdout]   |
[INFO] [stdout] 6 | use core::fmt;
[INFO] [stdout]   |     ^^^^^^^^^
[INFO] [stdout] 
[INFO] [stdout] 
[INFO] [stdout] error[E0277]: `?` couldn't convert the error to `reqwest::Error`
[INFO] [stdout]   --> src/unsplash.rs:62:82
[INFO] [stdout]    |
[INFO] [stdout] 62 |         let mut file = File::create(format!("{filename}.txt", filename=photo.id))?;
[INFO] [stdout]    |                                                                                  ^ the trait `std::convert::From<std::io::Error>` is not implemented for `reqwest::Error`
[INFO] [stdout]    |
[INFO] [stdout]    = note: the question mark operation (`?`) implicitly performs a conversion on the error value using the `From` trait
[INFO] [stdout]    = note: required by `std::convert::From::from`
[INFO] [stdout] 
[INFO] [stdout] 
[INFO] [stdout] error[E0599]: no method named `copy_to` found for struct `reqwest::Response` in the current scope
[INFO] [stdout]   --> src/unsplash.rs:63:47
[INFO] [stdout]    |
[INFO] [stdout] 63 |         reqwest::get(&photo.urls.full).await?.copy_to(&mut file)?;
[INFO] [stdout]    |                                               ^^^^^^^ method not found in `reqwest::Response`
[INFO] [stdout] 
[INFO] [stdout] 
[INFO] [stdout] error: aborting due to 2 previous errors; 7 warnings emitted
[INFO] [stdout] 
[INFO] [stdout] 
[INFO] [stdout] Some errors have detailed explanations: E0277, E0599.
[INFO] [stdout] 
[INFO] [stdout] For more information about an error, try `rustc --explain E0277`.
[INFO] [stdout] 
[INFO] [stdout] error[E0277]: `?` couldn't convert the error to `reqwest::Error`
[INFO] [stdout]   --> src/unsplash.rs:62:82
[INFO] [stdout]    |
[INFO] [stdout] 62 |         let mut file = File::create(format!("{filename}.txt", filename=photo.id))?;
[INFO] [stdout]    |                                                                                  ^ the trait `std::convert::From<std::io::Error>` is not implemented for `reqwest::Error`
[INFO] [stdout]    |
[INFO] [stdout]    = note: the question mark operation (`?`) implicitly performs a conversion on the error value using the `From` trait
[INFO] [stdout]    = note: required by `std::convert::From::from`
[INFO] [stdout] 
[INFO] [stdout] 
[INFO] [stderr] error: could not compile `splash-cli`.
[INFO] [stderr] 
[INFO] [stderr] To learn more, run the command again with --verbose.
[INFO] [stderr] warning: build failed, waiting for other jobs to finish...
[INFO] [stdout] error[E0599]: no method named `copy_to` found for struct `reqwest::Response` in the current scope
[INFO] [stdout]   --> src/unsplash.rs:63:47
[INFO] [stdout]    |
[INFO] [stdout] 63 |         reqwest::get(&photo.urls.full).await?.copy_to(&mut file)?;
[INFO] [stdout]    |                                               ^^^^^^^ method not found in `reqwest::Response`
[INFO] [stdout] 
[INFO] [stdout] 
[INFO] [stdout] error: aborting due to 2 previous errors; 7 warnings emitted
[INFO] [stdout] 
[INFO] [stdout] 
[INFO] [stdout] Some errors have detailed explanations: E0277, E0599.
[INFO] [stdout] 
[INFO] [stdout] For more information about an error, try `rustc --explain E0277`.
[INFO] [stdout] 
[INFO] [stderr] error: build failed
[INFO] running `Command { std: "docker" "inspect" "c4ffbbe47f1932eeb5bf4e714d713badbe727907b7aef19d5941f26239c57536", kill_on_drop: false }`
[INFO] running `Command { std: "docker" "rm" "-f" "c4ffbbe47f1932eeb5bf4e714d713badbe727907b7aef19d5941f26239c57536", kill_on_drop: false }`
[INFO] [stdout] c4ffbbe47f1932eeb5bf4e714d713badbe727907b7aef19d5941f26239c57536
